{"id":661,"date":"2018-06-12T13:18:46","date_gmt":"2018-06-12T13:18:46","guid":{"rendered":"https:\/\/demo.academiathemes.com\/cityhall-cityhall\/?page_id=661"},"modified":"2024-08-20T08:47:10","modified_gmt":"2024-08-20T06:47:10","slug":"gesangverein-terra-musica","status":"publish","type":"page","link":"https:\/\/niederhilbersheim.de\/2024\/unsere-vereine-stellen-sich-vor\/gesangverein-terra-musica\/","title":{"rendered":"Gesangverein &#8211; Terra Musica"},"content":{"rendered":"<p>Der Chor &#8222;Terra Musica&#8220; ist aus dem urspr\u00fcnglichen Gesangverein 1838 Nieder-Hilbersheim entstanden und setzt sich aus Jungen ambitionierten S\u00e4ngern und S\u00e4ngerinnen zusammen.<\/p>\n","protected":false},"excerpt":{"rendered":"<p>Ansprechpartner:<br \/>\nHeiko Beiser<br \/>\nHauptstra\u00dfe 43, 55437 Nieder-Hilbersheim<\/p>\n","protected":false},"author":1,"featured_media":888,"parent":608,"menu_order":0,"comment_status":"closed","ping_status":"closed","template":"","meta":{"footnotes":""},"class_list":["post-661","page","type-page","status-publish","has-post-thumbnail","hentry"],"_links":{"self":[{"href":"https:\/\/niederhilbersheim.de\/2024\/wp-json\/wp\/v2\/pages\/661","targetHints":{"allow":["GET"]}}],"collection":[{"href":"https:\/\/niederhilbersheim.de\/2024\/wp-json\/wp\/v2\/pages"}],"about":[{"href":"https:\/\/niederhilbersheim.de\/2024\/wp-json\/wp\/v2\/types\/page"}],"author":[{"embeddable":true,"href":"https:\/\/niederhilbersheim.de\/2024\/wp-json\/wp\/v2\/users\/1"}],"replies":[{"embeddable":true,"href":"https:\/\/niederhilbersheim.de\/2024\/wp-json\/wp\/v2\/comments?post=661"}],"version-history":[{"count":6,"href":"https:\/\/niederhilbersheim.de\/2024\/wp-json\/wp\/v2\/pages\/661\/revisions"}],"predecessor-version":[{"id":901,"href":"https:\/\/niederhilbersheim.de\/2024\/wp-json\/wp\/v2\/pages\/661\/revisions\/901"}],"up":[{"embeddable":true,"href":"https:\/\/niederhilbersheim.de\/2024\/wp-json\/wp\/v2\/pages\/608"}],"wp:featuredmedia":[{"embeddable":true,"href":"https:\/\/niederhilbersheim.de\/2024\/wp-json\/wp\/v2\/media\/888"}],"wp:attachment":[{"href":"https:\/\/niederhilbersheim.de\/2024\/wp-json\/wp\/v2\/media?parent=661"}],"curies":[{"name":"wp","href":"https:\/\/api.w.org\/{rel}","templated":true}]}}

<p>Der Chor &#8222;Terra Musica&#8220; ist aus dem ursprünglichen Gesangverein 1838 Nieder-Hilbersheim entstanden und setzt sich aus Jungen ambitionierten Sängern und Sängerinnen zusammen.</p>

<p>Ansprechpartner:<br />
Heiko Beiser<br />
Hauptstraße 43, 55437 Nieder-Hilbersheim</p>
